 + -2 + 3)
1
-2 - (0 + -6 - (1 - 4))
1
What is (6 - (4 - 5)) + (-4 - 7)?
-4
Evaluate -1 + 2 - (32 - 19 - 18).
6
What is the value of 1 + 7 + -6 + 2 + 0?
4
Evaluate 4 - (5 + -2) - (-1 - 1).
3
4 + (4 - 10) + 3 + 1
2
What is (-17 - -20 - (0 + -3)) + -4?
2
11 + -6 + -6 + -9
-10
6 + -5 + -5 - (-13 - -2)
7
What is 12 + -2 + (-2 - 3) - 4?
1
Calculate (-4 - -8) + 5 + -1 + -5.
3
Calculate 6 - 3 - (-5 - -4) - 8.
-4
What is the value of (2 - (-4 - -9)) + 9?
6
Calculate 8 + -1 - 2 - -1 - 3.
3
What is (5 - 6 - (-2 - -4)) + 3?
0
What is the value of -4 + 8 - (1 + (2 - -2))?
-1
Calculate 25 + -22 + 1 + 0.
4
-7 + (4 - -5) - (2 - 2)
2
What is the value of 8 - 5 - 1 - 8?
-6
What is the value of -1 + -2 - (0 + 3 - 2)?
-4
-4 + 2 + (-1 - (9 - 6))
-6
Calculate -2 + (-2 - 3 - (-3 - 0)).
-4
What is (1 - (5 + -2)) + 5?
3
Calculate 0 - (2 - 2 - -1) - 0.
-1
Calculate (-6 - (-3 - -2)) + 2 - -9.
6
Evaluate -44 + 33 + 2 + 1.
-8
81 + -77 - (10 - -2)
-8
7 + -4 - 1 - 4
-2
What is the value of -24 + 33 + (0 - (0 + 5))?
4
What is (-18 - -13 - -17) + -9?
3
What is the value of 1 - (-2 + 5 - 3 - 4)?
5
What is 1 - (2 + -2 - -3 - 6)?
4
What is (0 - (-3 + 5)) + 2?
0
Evaluate 6 + -4 + -4 + 2 + -10.
-10
Calculate (7 - 9) + 9 + -3 + -2.
2
What is the value of (-3 + 4 - 1 - -1) + -3?
-2
Calculate -6 - (17 + -9) - (4 - 9).
-9
Evaluate (-10 - 5) + (-5 - -20).
0
What is the value of -2 - (-13 + (20 - 11))?
2
What is the value of (-5 - (13 - 15)) + 8?
5
What is the value of (-2 - -1) + (4 - (-1 + 1))?
3
-16 + 17 - (-1 + -2)
4
Calculate 0 + -2 - (-2 + -4).
4
-5 - (-1 - 3 - (-31 + 35))
3
What is the value of (-1 - -3) + -4 + 0 - -5?
3
Calculate 3 - (-1 + -1) - 0 - 10.
-5
What is (-4 - -1) + -4 + (7 - 3)?
-3
What is the value of (2 - -1) + -1 - 1?
1
-3 + 1 - (26 - 27)
-1
Evaluate 1 - 0 - (1 - 2) - -3.
5
What is the value of -5 + 2 - (0 + -1)?
-2
Calculate 0 + (1 - -1) - (-28 - -33).
-3
What is (9 - 7) + 0 + (-1 - 6)?
-5
What is 3 + 3 + (4 - 3 - 3)?
4
What is the value of 2 + -2 - 0 - -2?
2
Evaluate (0 - (0 - 2)) + (61 - 62).
1
Calculate -9 + 8 - (1 - (1 + -1)).
-2
What is -53 + 44 - (-1 - 7)?
-1
Calculate -5 + (-3 - -5) + 4 - 1.
0
-22 - -26 - (-1 + 10)
-5
Evaluate 7 + -1 - (4 + -1).
3
Evaluate 2 - 7 - (-6 - (-3 + 2)).
0
Calculate -10 - (3 - 6 - 1) - -1.
-5
Calculate 25 + -25 - (1 + 0 - 1).
0
0 + 2 - ((3 - -3) + -7)
3
-10 + 4 + 21 + -7
8
What is 3 + (3 - 6) + 4 + 0?
4
Evaluate -2 - ((-1 - (1 - 3)) + -5).
2
What is -1 + (49 + -43 - (12 + 1))?
-8
Calculate 3 - (-3 + 3) - -2.
5
What is -2 - (-2 + -12 - -10)?
2
What is (-15 - -21) + 0 + (0 - 11)?
-5
1 - 9 - -1 - (-10 + 7)
-4
Calculate (0 - (-20 - -21)) + -1 + 5.
3
What is 5 - (8 - 1 - 3 - -4)?
-3
Calculate -9 + (56 - 49 - (-2 - -2)).
-2
Evaluate (5 + -12 - -4) + 1.
-2
(-9 - -2) + 6 + -7
-8
What is the value of (3 - 4 - 2 - -4) + -5?
-4
Evaluate 0 + 4 + -2 + -7.
-5
What is 2 + 3 + -15 + 11?
1
Calculate 4 + 3 + -8 + (6 - 7).
-2
Calculate 4 + (-12 - -6) - (1 - 2).
-1
Calculate 0 - 0 - (91 + -87).
-4
Calculate -10 - ((35 - 38) + (-1 - -1)).
-7
Evaluate 1 - -5 - (1 + -8 + 11).
2
Evaluate (1 - -3) + 2 + (3 - 6).
3
Evaluate -11 - (-6 + -5) - (6 - 1).
-5
What is (-34 - -39) + (-2 - -2)?
5
Calculate 1 - -2 - (21 + -15).
-3
-20 + 23 - (-2 - 0)
5
Calculate (6 - (-3 + 7)) + (2 - 1).
3
Calculate 1 - -2 - (-1 + 0) - 7.
-3
Evaluate 5 + -14 + 12 - -1.
4
What is the value of 3 + 0 - (0 - (1 - 2))?
2
7 + -3 + (0 - 8) - -10
6
What is (1 - 0) + (16 - 5) - 4?
8
What is the value of (2 - (-3 + (6 - 1))) + 0?
0
Calculate -3 + (-2 - -5 - 5).
-5
What is -8 - -1 - (39 - 48)?
2
-6 - -9 - (2 + 3)
-2
What is the value of (1 - (1 - 2)) + (5 - 5)?
2
Evaluate -5 + (6 - -2) + -11.
-8
Evaluate -4 - (2 + -2) - -2 - -2.
0
-7 - (1 + -2 - 3)
-3
Evaluate 9 + -1 - (-54 + 63).
-1
What is the value of -1 - -4 - (18 + -12 - 2)?
-1
What is -5 + (-7 - 3 - -20)?
5
Evaluate 4 - (5 + 10) - -7.
-4
What is (3 - -2) + (1 - -1) + -2?
5
(-3 - (-1 + 0 + 0)) + 8
6
Calculate 1 + (3 - (6 - 4)) - 5.
-3
Evaluate -1 - (3 + (4 - 7)).
-1
What is the value of 6 + (10 - 6) + (-4 - 1)?
5
-6 - (7 + (-1 - 17))
5
What is the value of 2 + 2 + 4 + -4?
4
Calculate -2 + (-5 + 10 + 3 - 5).
1
What is -5 - (-3 - (-2 - 1))?
-5
(-5 - -12) + (7 - 2) + -6
6
Evaluate (-6 - (2 + -6)) + 8.
6
Calculate (11 - 13) + (9 - 5) + 1.
3
What is -1 + (-1 - 8 - -8)?
-2
Calculate 1 - 0 - (1 - (12 - 18)).
-6
Calculate (-3 - (6 - 2)) + 3 - -8.
4
9 + -15 + -2 + 7
-1
What is the value of (0 - -3) + (13 - 8)?
8
What is the value of 3 + 3 + -7 + (3 - 2)?
0
Evaluate 1 + 3 + (1 - (1 + 3)).
1
What is the value of (2 - (0 + -1)) + 0?
3
0 + -6 + 10 - -1
5
What is 5 - (7 - (3 - (-1 - 4)))?
6
Evaluate -5 + (-4 - -4) - -7.
2
Calculate -4 + 2 + 5 + 0.
3
Calculate 5 - (10 - (-7 + 12)).
0
-276 + 276 - (2 - 0)
-2
What is -1 + (0 - (3 - 8))?
4
What is the value of (-5 - -10) + 5 - (2 - 0)?
8
What is -2 + 6 - (-7 - -7)?
4
What is the value of (-3 - -2 - -4) + 2 + -1?
4
What is -7 + 0 + (6 - 3)?
-4
What is the value of 0 - (6 - (3 - (6 - 9)))?
0
Calculate -2 + -7 + 2 + 3.
-4
What is the value of -2 - (4 - (0 - -11))?
5
Calculate 3 - (3 - (8 - 3)).
5
Evaluate -90 - -95 - (2 - 0).
3
4 - (-6 + 7) - (-4 + -1)
8
Evaluate -2 - (-1 - 3 - 6) - 3.
5
What is the value of -2 - (7 + 0) - (12 - 17)?
-4
Calculate 6 + -19 + 13 - 4.
-4
2 + (1 + 0 - (18 - 15))
0
What is 4 + ((10 - 6) + 0 - 2)?
6
What is the value of 0 + -3 + 8 + -7?
-2
(-5 - 1) + (-1 - -3)
-4
What is (9 - 12 - 7) + 9?
-1
What is the value of -24 - -25 - (-4 - 0)?
5
Evaluate 4 - (-15 - -12) - 0.
7
Calculate -14 + 16 + 2 + -11.
-7
Evaluate 10 + -5 + -15 + 5 + 0.
-5
What is the value of 6 + 15 + -12 + (-1 - 1)?
7
(-6 - (0 + 0)) + 5
-1
What is the value of 2 - (4 - (4 - 3 - 0))?
-1
What is 0 + 1 + (28 - 29)?
0
Calculate 6 + (-2 - (-2 - (4 - 0))).
10
Calculate 1 + 17 + (36 - 43) - 4.
7
Calculate -2 - 2 - (29 + -24).
-9
Calculate 12 - 10 - (-1 - -1) - 4.
-2
What is 15 - (14 - 7) - 8?
0
What is 5 - (-4 + (5 - -8))?
-4
Calculate 9 - (-9 - -10 - -4).
4
What is 6 + 0 - (1 + (6 - 3))?
2
4 + -11 + 2 + 2
-3
What is -3 + ((1 - 0) + 3 - 5)?
-4
What is -3 + 3 + -1 + 2?
1
What is the value of (-3 - 0) + 15 + -11?
1
What is the value of (3 - -9) + -5 + -3?
4
What is (-6 + 11 - -6) + (-2 - 1)?
8
What is the value of 1 + (-1 - 1 - -6)?
5
Calculate -3 + 7 + (2 - 1).
5
What is 0 + -6 + -6 + 6 - -5?
-1
2 + -3 + 3 + 9 + -6
5
0 + -1 + 1 + 0 + 3
3
What is -3 + (0 - 3 - -6) - -6?
6
Calculate -6 - -8 - (-3 - (-8 - -1)).
-2
Calculate (2 - 4) + 4 + -6.
-4
-2 - (-11 + 1 - -10)
-2
What is 9 - 6 - 2 - 2 - 7?
-8
5 - (4 + (7 - -1) + -2)
-5
1 - (3 - 8 - -5)
1
2 + -4 - ((11 - 21) + 6)
2
What is 7 + (-2 - (5 + 2))?
-2
Calculate -2 - -3 - 7 - (-27 - -25).
-4
Calculate -3 - ((0 - -2) + 3) - -1.
-7
Calculate 0 + (4 - 5 - -4).
3
Calculate -1 - (-4 + -2 - 0).
5
Calculate 11 - (5 + (6 - -7)).
-7
Calculate (19 - 19) + (1 - 6).
-5
6 + -22 + (5 - -8 - 6)
-9
What is (0 - 5 - 6) + (-7 - -8)?
-10
Calculate 7 + -4 - 3 - 0.
0
Evaluate 2 + 2 - (-1 - -2).
3
Evaluate -1 + (-2 - -1) + (49 - 52).
-5
Calculate 3 + -1 + (1 - 2).
1
Evaluate 5 - (-4 + 6 + -7 + 7).
3
(5 - (-6 - (-6 + -19))) + 5
-9
21 + -2 + -4 + -10
5
What is 2 - 4 - (0 + -1 + -4)?
3
What is the value of 0 + (2 - 1 - 4)?
-3
Calculate (0 - -2 - 2) + -1.
-1
Calculate -45 + 59 - (11 - 1).
4
Calculate 6 + -21 + 5 + 3.
-7
Evaluate 3 - (5 + -5) - -2.
5
Calculate (-2 + 2 - 1) + -22 + 23.
0
Evaluate (12 - 12) + (1 - 2).
-1
-1 + -6 + 1 - -2
-4
What is -6 + 4 + 2 + (-1 - 1)?
-2
2 + (0 - 2 - (5 + 0))
-5
What is 5 + -8 - (-8 - -1)?
4
What is the value of (0 - 14) + (-20 - -6 - -19)?
-9
What is the value of -22 + 22 + (-1 - 1)?
-2
Evaluate 2 + 7 - 7 - 8.
-6
-6 + 1 - (-4 - 1) - -4
4
What is the value of (1 + -4 - -3) + -3 + 4?
1
What is the value of 4 + ((-4 - -5) + -4 - -2)?
3
Calculate 0 + -5 + 6 + 3 + -4.
0
-3 + (-4 - 3) + -2 + 7
-5
What is -1 + -4 - (-4 + -3 + 9)?
-7
What is (-1 - -7) + (-28 - -25)?
3
What is 4 + (-4 - 4) + 3?
-1
Calculate 11 + (9 - 4) + -13.
3
What is 7 + -1 + (53 - 31) + -17?
11
-19 + 20 + -2 + 2 + 0
1
-1 - (0 - -1) - (-72 + 71)
-1
What is -5 + (-2 - -2 - -1)?
-4
0 + -6 + 7 + 6 + -7
0
(12 + -12 - 1) + 0 + 3
2
(-237 - -222) + (0 - -12)
-3
Evaluate -3 + -2 - -1 - (-3 + -6).
5
What is (-1 - -4 - 4) + 0?
-1
Evaluate -6 + -2 + 1 + 5.
-2
Evaluate (6 - -2) + -21 - -15.
2
What is the value of (6 - 1